e prime factors of 24500569.
24500569
List the prime factors of 16964801.
7, 59, 41077
List the prime factors of 8057240.
2, 5, 157, 1283
What are the prime factors of 330112?
2, 2579
What are the prime factors of 2535145?
5, 507029
List the prime factors of 11264969.
11264969
List the prime factors of 279068.
2, 69767
List the prime factors of 9306228.
2, 3, 113, 6863
List the prime factors of 23689921.
31, 191, 4001
List the prime factors of 664981.
19, 31, 1129
List the prime factors of 800768.
2, 17, 23
What are the prime factors of 45645?
3, 5, 17, 179
What are the prime factors of 20368613?
20368613
List the prime factors of 7807252.
2, 19, 43, 2389
What are the prime factors of 3057246?
2, 3, 17, 97, 103
What are the prime factors of 6078493?
6078493
What are the prime factors of 2238295?
5, 19, 23561
What are the prime factors of 23901?
3, 31, 257
What are the prime factors of 8753674?
2, 17, 79, 3259
List the prime factors of 1075812.
2, 3, 37, 2423
List the prime factors of 36677.
36677
What are the prime factors of 4194340?
2, 5, 209717
List the prime factors of 2294501.
11, 208591
List the prime factors of 4270943.
4270943
What are the prime factors of 1449758?
2, 724879
List the prime factors of 7534449.
3, 13, 71, 907
What are the prime factors of 2202857?
2202857
What are the prime factors of 607105?
5, 121421
What are the prime factors of 1781187?
3, 677, 877
List the prime factors of 503714.
2, 251857
List the prime factors of 2143912.
2, 29, 9241
List the prime factors of 4639168.
2, 173, 419
List the prime factors of 932523.
3, 163, 1907
What are the prime factors of 1414950?
2, 3, 5, 9433
What are the prime factors of 24493766?
2, 11, 839, 1327
What are the prime factors of 9302870?
2, 5, 930287
What are the prime factors of 64574?
2, 83, 389
List the prime factors of 306952.
2, 17, 37, 61
What are the prime factors of 30199837?
17, 1776461
What are the prime factors of 7537727?
41, 157, 1171
What are the prime factors of 904207?
904207
What are the prime factors of 3555766?
2, 41, 103, 421
List the prime factors of 36195.
3, 5, 19, 127
What are the prime factors of 812950?
2, 5, 71, 229
List the prime factors of 7988328.
2, 3, 31, 1193
What are the prime factors of 868555?
5, 271, 641
What are the prime factors of 91488?
2, 3, 953
List the prime factors of 3650239.
113, 32303
List the prime factors of 741825.
3, 5, 7, 157
List the prime factors of 508523.
41, 79, 157
What are the prime factors of 2623980?
2, 3, 5, 101, 433
List the prime factors of 955797.
3, 199, 1601
List the prime factors of 13171577.
13171577
What are the prime factors of 67558?
2, 17, 1987
List the prime factors of 2979813.
3, 31, 179
List the prime factors of 63094.
2, 31547
List the prime factors of 2310042.
2, 3, 7, 55001
List the prime factors of 14115257.
13, 29, 37441
What are the prime factors of 173757?
3, 17, 3407
What are the prime factors of 13286676?
2, 3, 13, 53, 1607
List the prime factors of 2601800.
2, 5, 13009
List the prime factors of 843633.
3, 7, 1913
What are the prime factors of 1328950?
2, 5, 7, 3797
What are the prime factors of 492371?
11, 17, 2633
List the prime factors of 519997.
519997
What are the prime factors of 1150674?
2, 3, 7, 27397
What are the prime factors of 20670507?
3, 11, 13, 16061
List the prime factors of 41005619.
23, 251, 7103
What are the prime factors of 173935?
5, 43, 809
List the prime factors of 3173760.
2, 3, 5, 19, 29
List the prime factors of 5159172.
2, 3, 429931
List the prime factors of 171307.
107, 1601
List the prime factors of 233911.
233911
List the prime factors of 537637.
537637
What are the prime factors of 38304115?
5, 7660823
What are the prime factors of 4835169?
3, 537241
What are the prime factors of 403027?
61, 6607
List the prime factors of 2959232.
2, 61, 379
List the prime factors of 1184643.
3, 131627
What are the prime factors of 589323?
3, 7, 19, 211
What are the prime factors of 4606149?
3, 389, 3947
List the prime factors of 193274.
2, 41, 2357
List the prime factors of 10156092.
2, 3, 846341
List the prime factors of 218381.
218381
List the prime factors of 889706.
2, 661, 673
What are the prime factors of 18202?
2, 19, 479
What are the prime factors of 15265610?
2, 5, 1526561
List the prime factors of 37858813.
17, 2226989
What are the prime factors of 341830?
2, 5, 34183
List the prime factors of 1034477.
1034477
What are the prime factors of 611021?
19, 32159
List the prime factors of 535520.
2, 5, 3347
List the prime factors of 1101334.
2, 13, 42359
List the prime factors of 411240.
2, 3, 5, 23, 149
List the prime factors of 143231.
11, 29, 449
What are the prime factors of 67879?
7, 9697
List the prime factors of 3810474.
2, 3, 211693
List the prime factors of 84721.
7, 13, 19
What are the prime factors of 210082?
2, 23, 4567
List the prime factors of 41520625.
5, 31, 2143
What are the prime factors of 624950?
2, 5, 29, 431
List the prime factors of 410764.
2, 103, 997
List the prime factors of 32513023.
67, 179, 2711
What are the prime factors of 634881?
3, 13, 73, 223
What are the prime factors of 673904?
2, 7, 11, 547
List the prime factors of 4583282.
2, 11, 181, 1151
List the prime factors of 552808.
2, 43, 1607
What are the prime factors of 4849211?
4849211
List the prime factors of 3729261.
3, 43, 28909
List the prime factors of 1917357.
3, 13, 211, 233
List the prime factors of 3704073.
3, 79, 15629
What are the prime factors of 4049041?
53, 241, 317
What are the prime factors of 15005903?
11, 157, 8689
What are the prime factors of 20940146?
2, 29, 223, 1619
What are the prime factors of 2495358?
2, 3, 157, 883
What are the prime factors of 1914801?
3, 7, 19, 4799
What are the prime factors of 996666?
2, 3, 11, 15101
What are the prime factors of 6938428?
2, 7, 383, 647
List the prime factors of 844.
2, 211
What are the prime factors of 24261929?
107, 197, 1151
List the prime factors of 2833312.
2, 37, 2393
What are the prime factors of 6393928?
2, 43, 18587
What are the prime factors of 945905?
5, 37, 5113
List the prime factors of 11455792.
2, 37, 523
What are the prime factors of 771908?
2, 192977
What are the prime factors of 2652373?
2652373
List the prime factors of 880128.
2, 3, 191
What are the prime factors of 4343070?
2, 3, 5, 71, 2039
List the prime factors of 17593857.
3, 1954873
What are the prime factors of 864054?
2, 3, 16001
What are the prime factors of 3413994?
2, 3, 568999
What are the prime factors of 2441347?
2441347
What are the prime factors of 1085302?
2, 79, 6869
What are the prime factors of 26181?
3, 2909
List the prime factors of 2020292.
2, 505073
What are the prime factors of 129437?
7, 11, 41
What are the prime factors of 40767639?
3, 11, 1235383
List the prime factors of 1884748.
2, 471187
List the prime factors of 148470.
2, 3, 5, 7, 101
List the prime factors of 804497.
804497
What are the prime factors of 23170394?
2, 13, 149, 5981
List the prime factors of 4690690.
2, 5, 469069
What are the prime factors of 2199744?
2, 3, 19, 67
List the prime factors of 2602835.
5, 520567
List the prime factors of 623153.
109, 5717
List the prime factors of 337635.
3, 5, 41, 61
What are the prime factors of 4117239?
3, 7, 65353
What are the prime factors of 3096693?
3, 337, 1021
What are the prime factors of 16557?
3, 5519
What are the prime factors of 8776427?
11, 59, 13523
List the prime factors of 33616269.
3, 41, 30367
List the prime factors of 299376.
2, 3, 7, 11
What are the prime factors of 76618?
2, 29, 1321
What are the prime factors of 1554541?
113, 13757
What are the prime factors of 1978481?
349, 5669
What are the prime factors of 4285854?
2, 3, 238103
List the prime factors of 1535332.
2, 383833
List the prime factors of 79491.
3, 26497
What are the prime factors of 178955?
5, 7, 5113
List the prime factors of 721636.
2, 29, 6221
What are the prime factors of 14966355?
3, 5, 479, 2083
What are the prime factors of 23405250?
2, 3, 5, 11, 2837
List the prime factors of 1452986.
2, 101, 7193
What are the prime factors of 481411?
7, 97, 709
What are the prime factors of 45592?
2, 41, 139
What are the prime factors of 6392011?
6392011
What are the prime factors of 9815719?
9815719
What are the prime factors of 1334739?
3, 7, 635